5 + y. What is the tens digit of p?
4
Let d = -1628 - -3037. What is the units digit of d?
9
Suppose -i - 5*s = -1210, -5*s - 2953 - 777 = -3*i. What is the hundreds digit of i?
2
Let c = -44 + 51. Suppose c*l - 5*s = 4*l + 95, 0 = -4*s + 20. What is the tens digit of l?
4
Suppose -15*l + 10*l - 3*x = -2324, 0 = -l + 2*x + 470. What is the hundreds digit of l?
4
Let h be 4/(2 - (-1 + -1)). What is the units digit of -19*(h + -4) - 2?
5
What is the hundreds digit of (-5980)/(-15)*(-30)/(-20)?
5
What is the units digit of (-6)/(-10) - 322/(-5)*6?
7
Let u = 2 - 0. Let k be -2 + (-1 + u - 3). What is the tens digit of (231/14)/((-3)/k)?
2
Let v(a) = a**3 - 7*a**2 - 37*a - 50. What is the thousands digit of v(17)?
2
Let b = -33 - -43. Suppose b = 4*q + 5*i - 10, q - 4*i = 26. What is the tens digit of q?
1
Suppose 17 + 31 = 5*i - 2*c, 3*i = -c + 31. Suppose x - 3*q = -x + 69, -5*x + 3*q + 159 = 0. What is the tens digit of (x/(-2))/((-6)/i)?
2
Let q = 193 + 405. What is the hundreds digit of q?
5
Let f = 57 + -68. What is the tens digit of (f/3)/((-3)/(-99)*-1)?
2
Let r = 865 + 317. What is the hundreds digit of r?
1
Suppose 0 = -2*a + 3*v - 4 - 1, -a + v - 4 = 0. Let c = -5 - a. Suppose -t + 2*t + 2 = 0, 0 = c*y - 3*t - 32. What is the tens digit of y?
1
Suppose -4*y = -15 - 9. Suppose 290 = -y*t + t. Let a = -9 - t. What is the units digit of a?
9
Suppose -18*r + 14*r - 824 = 0. Suppose -2*n - 3*n - 705 = 0. Let m = n - r. What is the units digit of m?
5
Let d(r) = -r**3 - 2*r**2 - r + 2. Let x be d(-2). Let i(s) be the third derivative of s**4/8 - 4*s**3/3 + s**2. What is the units digit of i(x)?
4
Let t be (-364)/(-3) - (-12)/(-9). Suppose h - d + 6 = 118, -4*h + 3*d = -446. Suppose -t = -5*i + h. What is the units digit of i?
6
Let p(f) = -f - 4. Let n be p(0). Let v(l) = 20*l**2 + 2*l + 9. What is the hundreds digit of v(n)?
3
Let r be 6/(-21) + (-2090)/(-14). Suppose 0 = -n + 116 + r. What is the tens digit of n?
6
Let x(d) = -2*d**2 + 91*d - 2. What is the tens digit of x(39)?
0
Let z = 103 - 56. Suppose 0 = o - z + 8. What is the tens digit of o?
3
Let f be (-2)/(6 - 2 - 6). Let x be f + 12/(-4) - -4. Suppose -3*q - 111 - 30 = -x*d, 2*q - 156 = -2*d. What is the units digit of d?
5
Suppose -2*j - 4 = 0, 2*x + 7*j - 1258 = 11*j. What is the tens digit of x?
2
Let b(o) = -136*o - 57. What is the tens digit of b(-36)?
3
Suppose -2*l = 10, -9*c - 2*l = -7*c - 1256. What is the tens digit of c?
3
Suppose -4*q - f + 103 = -2*f, 22 = q - 4*f. Suppose 0 = -4*s + q + 198. What is the tens digit of s?
5
Suppose 0 = -5*s + 9*s + 2*i - 4166, 3*s - 3125 = -i. What is the thousands digit of s?
1
Let h = 772 - 512. What is the hundreds digit of h?
2
Suppose j + 3679 = 6*j - 3*p, -5*j = 4*p - 3693. What is the hundreds digit of j?
7
Suppose 16 = 4*v, -3*d + 46*v = 48*v - 6332. What is the tens digit of d?
0
Suppose 0 = 2*y - 5 - 1. Let h be (-5)/(1/(-4 + y)). Suppose -h*s + 30 = -0*g + 5*g, 0 = -3*g + 6. What is the units digit of s?
4
Let a(h) be the second derivative of h**4/12 - 3*h**3 + 5*h**2 - 11*h. What is the tens digit of a(20)?
5
Let z(o) = -9*o + 33. Let b be z(-13). Suppose 10*v - 5*v - 250 = -5*m, -3*m + 3*v + b = 0. What is the tens digit of m?
5
Suppose 2*t + 9 = -1. Let w(u) = u**2 - 5*u - 6. What is the units digit of w(t)?
4
Let p(v) = 47*v - 7. Let f be p(3). Suppose -4*i = -2*x + f, 8*i - 5*i = 5*x - 363. What is the tens digit of x?
7
Let n = -21 - -3. Let w = 33 - n. What is the units digit of w?
1
Let i(r) = r**3 + 2*r**2 - 2*r - 3. Let h be i(-1). What is the tens digit of ((-64)/(-4) + 6)*(h - -11)?
4
Let p(s) = 8*s. Let k be p(1). Let r(v) = v**3 - 5 - k*v + 0*v**3 - 2*v**3 + 8*v**2. What is the units digit of r(6)?
9
Let x(z) = z**3 - 7*z**2 + 14*z - 7. Let k be (-2 - -6) + 10/5. What is the units digit of x(k)?
1
Let p(q) = 12*q**2 + 2*q - q**2 - q**3 + 2*q**2 - 9. Let d = 101 - 88. What is the units digit of p(d)?
7
Let u(s) = 69*s**2 + 2*s + 9. Let q be u(-3). Let y = q + -369. What is the hundreds digit of y?
2
Let g = 18 + 110. Let d = 217 - g. What is the units digit of d?
9
Let j = -685 - -1882. What is the tens digit of j?
9
Let o be 6/((-8)/4)*-1. Let b(u) = u. Let m(y) = 5*y + 8. Let c(a) = o*b(a) + m(a). What is the units digit of c(3)?
2
Let q(j) = j**3 + 13*j**2 + 11*j - 10. Let m be q(-12). Suppose 5*v - 369 = -f, m*v + v - 4*f - 226 = 0. What is the units digit of v?
4
Suppose -7*r + d - 2605 = -9*r, -5*r + 6505 = 4*d. What is the tens digit of r?
0
Suppose -4*z + 6129 = -3*k, -3*k - 11 = -2. What is the hundreds digit of z?
5
Let p(g) = -g**3 + 5*g**2 - 3*g + 4. Let a be p(3). Suppose -4*c + 2 = x + a, 2*c = 0. What is the tens digit of 10/(-5)*(x - 0)?
2
Suppose -5*j + 342 - 97 = 0. Let r be 2 + 1 + 4 - 3. Suppose -4*p + 79 = 4*g - j, -47 = -p - r*g. What is the tens digit of p?
2
Let u(m) = -2 - m**3 + 5 + 0*m**3 + 6*m**2 + 4 + 6*m. Let l be u(7). Suppose -99 = -2*v + 5*h - 29, 4*v + h - 96 = l. What is the units digit of v?
5
Let i(s) = -s**3 + s**2 + 10. Let g be i(7). Let a = g - -411. What is the tens digit of a?
2
Let x = 5 + 0. Suppose 3*b - 183 = -3*d, -5*d = -0*d - x*b - 325. What is the units digit of d?
3
Suppose -5*u - 4*b - 34 = -7*u, 2 = -2*u - 5*b. Suppose 0 = -14*q + u*q + 290. What is the tens digit of q?
5
Suppose 0 = -4*p - 2*n - 0*n + 1932, 3*n + 6 = 0. What is the tens digit of p?
8
Suppose 0 = -38*o + 43*o + 160. Let v = 85 - o. What is the tens digit of v?
1
Suppose 25 = -5*b - 5*f, 3*b + 0*b - 4*f + 1 = 0. What is the tens digit of (b + 0)*(-2 + -3)?
1
Let w(t) = -4*t - 12. Let b be w(-3). Suppose b = -10*i + 9*i + 94. What is the tens digit of i?
9
Let f(c) = 9*c - 11. Let h be f(2). Let z = 111 - h. What is the hundreds digit of z?
1
Let n(h) = 6*h**3 - 4*h**2 - 4*h + 18. What is the units digit of n(5)?
8
What is the hundreds digit of (-57)/((-66)/21 + 3)?
3
Let p = -1036 - -3335. What is the tens digit of p?
9
Suppose 32*c - 26853 = -773. What is the units digit of c?
5
Let o(a) = -a**2 + 6*a - 6. Let y be o(3). Suppose 4*q - 5*u = 435, 3*u = y*q - q - 219. What is the units digit of q?
5
Let o(i) = -i**3 - 3*i**2 + 5*i + 7. Let g be o(-4). Suppose g*t = 4*m + 51, t + 0*m = 2*m + 17. What is the tens digit of t?
1
Let q = -24 - -24. Suppose q*o = -5*o + 140. What is the units digit of o?
8
Let p be -2*10/6*30/(-4). Suppose 0 = -p*x + 24*x + 47. What is the units digit of x?
7
Let w(q) = q**3 + 3*q**2 + 5. Let i be w(-3). Suppose v - 31 + 2 = i*c, 0 = -3*v + 5*c + 117. What is the tens digit of v?
4
Suppose -3*f - 7*f = -2*f. What is the tens digit of (-296)/(-6) - (f - 5/(-15))?
4
Let x(t) = t**3 + 13*t**2 - t - 6. What is the hundreds digit of x(-10)?
3
Let c(y) = -3*y**2 - 2*y. Let t be c(-2). Let n = t - -15. Let m(i) = -i**3 + 8*i**2 - 7*i + 10. What is the tens digit of m(n)?
1
Let h = 106 + -100. Suppose h*u = 303 + 1185. What is the units digit of u?
8
Suppose -f - 876 = -2*q, -25*q + 26*q - 435 = 2*f. What is the tens digit of q?
3
Suppose m - 2915 = -5*k, 5*m = -14*k + 19*k - 2885. What is the tens digit of k?
8
Suppose 11238 = 10*j - 8642. What is the hundreds digit of j?
9
What is the units digit of 11637/63 - 4/(-14)?
5
Let q(j) = -j**2 - 2*j + 25. Let b(h) = 2*h**2 + 4*h - 49. Let t(m) = -2*b(m) - 5*q(m). What is the units digit of t(6)?
1
Let m = 48 - 8. Suppose -5 = -5*j - 4*s + 44, -4*j - 4*s = -m. What is the units digit of j?
9
Let c(p) = 1104*p**3 - 6*p**2 + p. What is the tens digit of c(1)?
9
What is the tens digit of -4 - -1 - -3 - 222*-3?
6
Suppose 13*k + 103 - 727 = 0. Let m = 0 + 1. Let b = k + m. What is the tens digit of b?
4
Let y be (-12)/(-30) + (-18)/(-5). Suppose y*t - 266 = -18. What is the units digit of t?
2
Let y = 66 - 58. Suppose 0 = y*v - 1570 - 198. What is the tens digit of v?
2
Let l(o) = o + 9. Let s be l(-7). Let x(t) = 3*t**2 - 5*t**s - 7*t + 3*t**2 + 4*t. What is the units digit of x(-5)?
0
Suppose -2 = -0*c + c. Let r = c + 11. Suppose -j + r = -2. What is the units digit of j?
1
What is the hundreds digit of (231/7)/(-11) - (0 + -860)?
8
Let j(n) = -737*n + 532. What is the units digit of j(-5)?
7
Let v = 547 - 147. What is the hundreds digit of v?
4
Suppose -11*i + 21*i = 720. What is the units digit of i?
2
Suppose -m + 2 = -2. Le